{"id":26,"date":"2015-10-04T14:51:28","date_gmt":"2015-10-04T12:51:28","guid":{"rendered":"http:\/\/www.michaelgenter.com\/?page_id=26"},"modified":"2026-05-12T09:15:51","modified_gmt":"2026-05-12T07:15:51","slug":"michael","status":"publish","type":"page","link":"https:\/\/www.michaelgenter.com\/?page_id=26","title":{"rendered":"\u00dcBER MICH"},"content":{"rendered":"\n<div class=\"wp-block-group alignwide has-black-color has-text-color has-link-color has-small-font-size wp-elements-1\"><div class=\"wp-block-group__inner-container is-layout-flow wp-block-group-is-layout-flow\">\n<p class=\"has-text-color has-link-color wp-elements-2 wp-block-paragraph\" style=\"color:#84aba9;font-size:18px\"><strong>Hallo.<\/strong> Mein Name ist Michael Genter.<\/p>\n\n\n\n<p class=\"has-text-align-left has-text-color has-link-color wp-elements-3 wp-block-paragraph\" style=\"color:#84aba9;font-size:18px\">Im Februar 1987 bin ich in Freiburg geboren und in einem kleinen Ort, ca. 12km entfernt aufgewachsen. Nach einer abgeschlossenen Ausbildung als Bauzeichner und einer weiteren zum Grafikdesigner arbeite ich heute freiberuflich als Grafiker und Illustrator, sowie als Einrahmer in Freiburg. Seit den fr\u00fchen 2000er Jahren besch\u00e4ftige ich mich aktiv mit der Gestaltung von W\u00e4nden und entwickle Zeichnungen f\u00fcr Unternehmen, sowie private Auftraggeber. Dieser kontinuierliche Prozess f\u00fchrte mich dazu, mehr Zeit in die Entwicklung freier Arbeiten zu investieren.<\/p>\n\n\n\n<p class=\"has-text-color has-link-color wp-elements-4 wp-block-paragraph\" style=\"color:#84aba9;font-size:18px\">Aus der Verbindung von grafischer Struktur und dem freien Experiment entsteht meine aktuelle Untersuchung zur Vielschichtigkeit von Erinnerung.<\/p>\n<\/div><\/div>\n\n\n\n<p class=\"wp-block-paragraph\"><\/p>\n\n\n\n<p class=\"wp-block-paragraph\"><\/p>\n\n\n\n<figure class=\"wp-block-image size-full\"><a href=\"https:\/\/www.instagram.com\/michaelgenter\/\"><img loading=\"lazy\" decoding=\"async\" width=\"591\" height=\"787\" src=\"https:\/\/www.michaelgenter.com\/wp-content\/uploads\/2026\/05\/Portrait_26.png\" alt=\"\" class=\"wp-image-664\" srcset=\"https:\/\/www.michaelgenter.com\/wp-content\/uploads\/2026\/05\/Portrait_26.png 591w, https:\/\/www.michaelgenter.com\/wp-content\/uploads\/2026\/05\/Portrait_26-225x300.png 225w\" sizes=\"auto, (max-width: 591px) 100vw, 591px\" \/><\/a><\/figure>\n\n\n\n<p class=\"wp-block-paragraph\"><\/p>\n\n\n\n<p class=\"wp-block-paragraph\"><\/p>\n\n\n\n<p class=\"has-text-color has-link-color wp-elements-5 wp-block-paragraph\" style=\"color:#84aba9;font-size:18px\"><strong>2012<\/strong> Ausbildungsabschluss: Grafikdesign<\/p>\n\n\n\n<p class=\"has-text-color has-link-color wp-elements-6 wp-block-paragraph\" style=\"color:#84aba9;font-size:18px\"><strong>2012<\/strong> boesner-F\u00f6rderpreis: Illustration<\/p>\n\n\n\n<p class=\"has-text-color has-link-color wp-elements-7 wp-block-paragraph\" style=\"color:#84aba9;font-size:18px\"><strong>2015<\/strong> Einzelausstellung<br><em>Matthias Steck zeigt die Arbeiten von Michael Genter &#8220;WIR, 2015&#8221; in Freiburg (DE)<\/em><\/p>\n\n\n\n<p class=\"has-text-color has-link-color wp-elements-8 wp-block-paragraph\" style=\"color:#84aba9;font-size:18px\"><strong>2017<\/strong> Illustration und Wandgestaltungs-Projekte<br><em>u.a. f\u00fcr das Theater Freiburg (DE)<\/em><\/p>\n\n\n\n<p class=\"has-text-color has-link-color wp-elements-9 wp-block-paragraph\" style=\"color:#84aba9;font-size:18px\"><strong>2018<\/strong> Gruppenausstellung<br><em>\u201cART Night, RAUM25\u201d mit Anke Huber in der Galerie Springmann, Freiburg (DE)<\/em><\/p>\n\n\n\n<p class=\"has-text-color has-link-color wp-elements-10 wp-block-paragraph\" style=\"color:#84aba9;font-size:18px\"><strong>2019\/2020<\/strong> Illustration und Wandgestaltungs-Projekte<br><em>u.a. f\u00fcr das Theater Freiburg, den Kulturaggregat e.V. mit dem Ministerium f\u00fcr Wissenschaft, Forschung und Kunst Baden-W\u00fcrttemberg, sowie freie Projekte in Hanoi (VNM), Bali (IDN) und Buenos Aires (ARG)<\/em><\/p>\n\n\n\n<p class=\"has-text-color has-link-color wp-elements-11 wp-block-paragraph\" style=\"color:#84aba9;font-size:18px\"><strong>2021<\/strong> Illustration und Wandgestaltungs-Projekte<br><em>u.a. f\u00fcr die Uniklinik Freiburg, Schwarzwald Tourismus GmbH, Theater Freiburg (DE)<\/em><\/p>\n\n\n\n<p class=\"has-text-color has-link-color wp-elements-12 wp-block-paragraph\" style=\"color:#84aba9;font-size:18px\"><strong>2022<\/strong> Gruppenausstellung<br><em>\u201cABANDONED ROOMS\u201d mit Udo W. Hoffmann und Sebastian Wehrle im Kirchhofweg 8, Freiburg (DE)<\/em><\/p>\n\n\n\n<p class=\"has-text-color has-link-color wp-elements-13 wp-block-paragraph\" style=\"color:#84aba9;font-size:18px\"><strong>2022<\/strong> Illustration und Wandgestaltungs-Projekte<br><em>u.a. f\u00fcr Supernova Design GmbH, Kulturaggregat e.V. Frankfurt a.M. \/ Freiburg (DE)<\/em><\/p>\n\n\n\n<p class=\"has-text-color has-link-color wp-elements-14 wp-block-paragraph\" style=\"color:#84aba9;font-size:18px\"><strong>2023<\/strong> Einzelausstellung<br><em>\u201cHAPPY LITTLE ACCIDENTS\u201d im Kulturaggregat e. V. in Freiburg (DE)<\/em><\/p>\n\n\n\n<p class=\"has-text-color has-link-color wp-elements-15 wp-block-paragraph\" style=\"color:#84aba9;font-size:18px\"><strong>2023<\/strong> Illustration, Grafik, Wandgestaltungs-Projekte<br><em>u.a. Fondation Beyeler (CH), Kulturaggregat e.V. (DE)<\/em><\/p>\n\n\n\n<p class=\"has-text-color has-link-color wp-elements-16 wp-block-paragraph\" style=\"color:#84aba9;font-size:18px\"><strong>2023\/2024<\/strong> Gruppenausstellung<br><em>\u201cSAME SAME [but different]\u201d mit Daniel Gjoka, Markus O-Mod und Andreas \u201cIndex\u201d Kr\u00e4mer im schopf2, Freiburg (DE)<\/em><\/p>\n\n\n\n<p class=\"has-text-color has-link-color wp-elements-17 wp-block-paragraph\" style=\"color:#84aba9;font-size:18px\"><strong>2024<\/strong> Wandgestaltungs-Projekt<br><em>in Zusammenarbeit mit Frieder Simpfend\u00f6rfer f\u00fcr die Stadt Schw\u00e4bisch Hall (DE)<\/em><\/p>\n\n\n\n<p class=\"has-text-color has-link-color wp-elements-18 wp-block-paragraph\" style=\"color:#84aba9;font-size:18px\"><strong>2024<\/strong> Illustration, Grafik, Wandgestaltungs-Projekte<br><em>u.a. f\u00fcr S\u00fcdwestrundfunk (DE), Fondation Beyeler (CH)<\/em><\/p>\n\n\n\n<p class=\"has-text-color has-link-color wp-elements-19 wp-block-paragraph\" style=\"color:#84aba9;font-size:18px\"><\/p>\n","protected":false},"excerpt":{"rendered":"<p>Hallo. Mein Name ist Michael Genter. Im Februar 1987 bin ich in Freiburg geboren und in einem kleinen Ort, ca. 12km entfernt aufgewachsen. Nach einer abgeschlossenen Ausbildung als Bauzeichner und einer weiteren zum Grafikdesigner arbeite ich heute freiberuflich als Grafiker und Illustrator, sowie als Einrahmer in Freiburg. Seit den fr\u00fchen 2000er Jahren besch\u00e4ftige ich mich [&hellip;]<\/p>\n","protected":false},"author":1,"featured_media":0,"parent":0,"menu_order":0,"comment_status":"closed","ping_status":"closed","template":"page-nosidebar.php","meta":{"footnotes":""},"class_list":["post-26","page","type-page","status-publish","hentry","missing-thumbnail"],"_links":{"self":[{"href":"https:\/\/www.michaelgenter.com\/index.php?rest_route=\/wp\/v2\/pages\/26","targetHints":{"allow":["GET"]}}],"collection":[{"href":"https:\/\/www.michaelgenter.com\/index.php?rest_route=\/wp\/v2\/pages"}],"about":[{"href":"https:\/\/www.michaelgenter.com\/index.php?rest_route=\/wp\/v2\/types\/page"}],"author":[{"embeddable":true,"href":"https:\/\/www.michaelgenter.com\/index.php?rest_route=\/wp\/v2\/users\/1"}],"replies":[{"embeddable":true,"href":"https:\/\/www.michaelgenter.com\/index.php?rest_route=%2Fwp%2Fv2%2Fcomments&post=26"}],"version-history":[{"count":81,"href":"https:\/\/www.michaelgenter.com\/index.php?rest_route=\/wp\/v2\/pages\/26\/revisions"}],"predecessor-version":[{"id":833,"href":"https:\/\/www.michaelgenter.com\/index.php?rest_route=\/wp\/v2\/pages\/26\/revisions\/833"}],"wp:attachment":[{"href":"https:\/\/www.michaelgenter.com\/index.php?rest_route=%2Fwp%2Fv2%2Fmedia&parent=26"}],"curies":[{"name":"wp","href":"https:\/\/api.w.org\/{rel}","templated":true}]}}

ÜBER MICH

<div class="wp-block-group alignwide has-black-color has-text-color has-link-color has-small-font-size wp-elements-1"><div class="wp-block-group__inner-container is-layout-flow wp-block-group-is-layout-flow">
<p class="has-text-color has-link-color wp-elements-2 wp-block-paragraph" style="color:#84aba9;font-size:18px"><strong>Hallo.</strong> Mein Name ist Michael Genter.</p>



<p class="has-text-align-left has-text-color has-link-color wp-elements-3 wp-block-paragraph" style="color:#84aba9;font-size:18px">Im Februar 1987 bin ich in Freiburg geboren und in einem kleinen Ort, ca. 12km entfernt aufgewachsen. Nach einer abgeschlossenen Ausbildung als Bauzeichner und einer weiteren zum Grafikdesigner arbeite ich heute freiberuflich als Grafiker und Illustrator, sowie als Einrahmer in Freiburg. Seit den frühen 2000er Jahren beschäftige ich mich aktiv mit der Gestaltung von Wänden und entwickle Zeichnungen für Unternehmen, sowie private Auftraggeber. Dieser kontinuierliche Prozess führte mich dazu, mehr Zeit in die Entwicklung freier Arbeiten zu investieren.</p>



<p class="has-text-color has-link-color wp-elements-4 wp-block-paragraph" style="color:#84aba9;font-size:18px">Aus der Verbindung von grafischer Struktur und dem freien Experiment entsteht meine aktuelle Untersuchung zur Vielschichtigkeit von Erinnerung.</p>
</div></div>



<p class="wp-block-paragraph"></p>



<p class="wp-block-paragraph"></p>



<figure class="wp-block-image size-full"><a href="https://www.instagram.com/michaelgenter/"><img loading="lazy" decoding="async" width="591" height="787" src="https://www.michaelgenter.com/wp-content/uploads/2026/05/Portrait_26.png" alt="" class="wp-image-664" srcset="https://www.michaelgenter.com/wp-content/uploads/2026/05/Portrait_26.png 591w, https://www.michaelgenter.com/wp-content/uploads/2026/05/Portrait_26-225x300.png 225w" sizes="auto, (max-width: 591px) 100vw, 591px" /></a></figure>



<p class="wp-block-paragraph"></p>



<p class="wp-block-paragraph"></p>



<p class="has-text-color has-link-color wp-elements-5 wp-block-paragraph" style="color:#84aba9;font-size:18px"><strong>2012</strong> Ausbildungsabschluss: Grafikdesign</p>



<p class="has-text-color has-link-color wp-elements-6 wp-block-paragraph" style="color:#84aba9;font-size:18px"><strong>2012</strong> boesner-Förderpreis: Illustration</p>



<p class="has-text-color has-link-color wp-elements-7 wp-block-paragraph" style="color:#84aba9;font-size:18px"><strong>2015</strong> Einzelausstellung<br><em>Matthias Steck zeigt die Arbeiten von Michael Genter &#8220;WIR, 2015&#8221; in Freiburg (DE)</em></p>



<p class="has-text-color has-link-color wp-elements-8 wp-block-paragraph" style="color:#84aba9;font-size:18px"><strong>2017</strong> Illustration und Wandgestaltungs-Projekte<br><em>u.a. für das Theater Freiburg (DE)</em></p>



<p class="has-text-color has-link-color wp-elements-9 wp-block-paragraph" style="color:#84aba9;font-size:18px"><strong>2018</strong> Gruppenausstellung<br><em>“ART Night, RAUM25” mit Anke Huber in der Galerie Springmann, Freiburg (DE)</em></p>



<p class="has-text-color has-link-color wp-elements-10 wp-block-paragraph" style="color:#84aba9;font-size:18px"><strong>2019/2020</strong> Illustration und Wandgestaltungs-Projekte<br><em>u.a. für das Theater Freiburg, den Kulturaggregat e.V. mit dem Ministerium für Wissenschaft, Forschung und Kunst Baden-Württemberg, sowie freie Projekte in Hanoi (VNM), Bali (IDN) und Buenos Aires (ARG)</em></p>



<p class="has-text-color has-link-color wp-elements-11 wp-block-paragraph" style="color:#84aba9;font-size:18px"><strong>2021</strong> Illustration und Wandgestaltungs-Projekte<br><em>u.a. für die Uniklinik Freiburg, Schwarzwald Tourismus GmbH, Theater Freiburg (DE)</em></p>



<p class="has-text-color has-link-color wp-elements-12 wp-block-paragraph" style="color:#84aba9;font-size:18px"><strong>2022</strong> Gruppenausstellung<br><em>“ABANDONED ROOMS” mit Udo W. Hoffmann und Sebastian Wehrle im Kirchhofweg 8, Freiburg (DE)</em></p>



<p class="has-text-color has-link-color wp-elements-13 wp-block-paragraph" style="color:#84aba9;font-size:18px"><strong>2022</strong> Illustration und Wandgestaltungs-Projekte<br><em>u.a. für Supernova Design GmbH, Kulturaggregat e.V. Frankfurt a.M. / Freiburg (DE)</em></p>



<p class="has-text-color has-link-color wp-elements-14 wp-block-paragraph" style="color:#84aba9;font-size:18px"><strong>2023</strong> Einzelausstellung<br><em>“HAPPY LITTLE ACCIDENTS” im Kulturaggregat e. V. in Freiburg (DE)</em></p>



<p class="has-text-color has-link-color wp-elements-15 wp-block-paragraph" style="color:#84aba9;font-size:18px"><strong>2023</strong> Illustration, Grafik, Wandgestaltungs-Projekte<br><em>u.a. Fondation Beyeler (CH), Kulturaggregat e.V. (DE)</em></p>



<p class="has-text-color has-link-color wp-elements-16 wp-block-paragraph" style="color:#84aba9;font-size:18px"><strong>2023/2024</strong> Gruppenausstellung<br><em>“SAME SAME [but different]” mit Daniel Gjoka, Markus O-Mod und Andreas “Index” Krämer im schopf2, Freiburg (DE)</em></p>



<p class="has-text-color has-link-color wp-elements-17 wp-block-paragraph" style="color:#84aba9;font-size:18px"><strong>2024</strong> Wandgestaltungs-Projekt<br><em>in Zusammenarbeit mit Frieder Simpfendörfer für die Stadt Schwäbisch Hall (DE)</em></p>



<p class="has-text-color has-link-color wp-elements-18 wp-block-paragraph" style="color:#84aba9;font-size:18px"><strong>2024</strong> Illustration, Grafik, Wandgestaltungs-Projekte<br><em>u.a. für Südwestrundfunk (DE), Fondation Beyeler (CH)</em></p>



<p class="has-text-color has-link-color wp-elements-19 wp-block-paragraph" style="color:#84aba9;font-size:18px"></p>

<p>Hallo. Mein Name ist Michael Genter. Im Februar 1987 bin ich in Freiburg geboren und in einem kleinen Ort, ca. 12km entfernt aufgewachsen. Nach einer abgeschlossenen Ausbildung als Bauzeichner und einer weiteren zum Grafikdesigner arbeite ich heute freiberuflich als Grafiker und Illustrator, sowie als Einrahmer in Freiburg. Seit den frühen 2000er Jahren beschäftige ich mich [&hellip;]</p>
